 8 + 0. What are the prime factors of b(u)?
2, 3
Let c(x) = -7*x - 6*x + 10 + 14*x. Let a be c(-7). Suppose 0 = a*t - 448 + 97. What are the prime factors of t?
3, 13
Suppose 0 = 5*g + 2*m - 263, 4*g + m - 157 = g. Let n = -200 + g. Let v = n + 279. What are the prime factors of v?
2, 5, 13
Let l = -22 - -27. Suppose 8*y - l*y = 1401. Suppose -5*c + y = 172. What are the prime factors of c?
59
Let b = -36 + 57. Suppose -b*i + 23*i = 1292. List the prime factors of i.
2, 17, 19
Let d(u) = u + 3 - 2*u + 10 + 8. Let q be d(12). Let f = 46 - q. What are the prime factors of f?
37
Suppose q - 7 = 0, 5*x + 4*q = 34797 + 12201. List the prime factors of x.
2, 7, 11, 61
Let k = -1284 + 4019. What are the prime factors of k?
5, 547
Let p(u) = u**2 - 5*u + 3. Let n be p(5). Let y(l) = 2*l**2 - 7*l + 12. Let m be y(2). Suppose m = -n*c + 18. List the prime factors of c.
2
Suppose 20*i = 1660 + 2080. What are the prime factors of 168147/i + (-4)/22?
29, 31
Suppose -1 = -5*p + 4*p, 2*a - 4*p = 456. Suppose -5*i + a = 5*b, 0 = -b - 2*i - 6 + 54. List the prime factors of b.
2, 11
What are the prime factors of ((-20)/(-80))/((-1)/(-4)) + (-21675)/(-3)?
2, 3613
Suppose 29445 - 4055 = -10*u. Let t = u - -3849. What are the prime factors of t?
2, 5, 131
Let p(i) = -1898*i + 20. Let x be p(-2). Suppose -4*f + 4767 = 5*r, 0*r - 4*f + x = 4*r. What are the prime factors of r?
3, 317
Suppose -z = -3, -57711 = 3*p - 6*p - z. List the prime factors of p.
2, 3, 7, 229
Let j(c) = 69*c**2 - 55*c - 82. List the prime factors of j(-10).
2, 3, 307
Let d = 13951 + -6824. What are the prime factors of d?
7127
What are the prime factors of -11 + 7070*(3 - (-33)/55)?
13, 19, 103
Let s(k) = 3*k**2 + 5*k + k**3 + 3*k - 8*k**2 - 12. Let f be s(6). List the prime factors of (7/3)/(3/f).
2, 7
Suppose 0 = 3*i - 4*c - 12381, 0 = 96*i - 93*i + 2*c - 12381. List the prime factors of i.
4127
Let c(n) = 148*n**3 + 3*n**2 - 27*n + 64. List the prime factors of c(3).
2, 2003
Let v(n) = 32*n - 166. Let h be v(18). Let f = h + -222. List the prime factors of f.
2, 47
Let c(o) = -39*o + 150. Let b be c(-15). Let x = b - 328. What are the prime factors of x?
11, 37
Let n = 4848 - 2648. Suppose 176 - n = -8*k. List the prime factors of k.
11, 23
Let k(f) = -3*f. Let b be k(-4). Let d(l) be the third derivative of -l**5/60 + 17*l**4/24 + 5*l**3/6 + 5*l**2 + 9*l. What are the prime factors of d(b)?
5, 13
Let b(u) = 49*u**2 - 3*u + 34. List the prime factors of b(-14).
2, 5, 11
Let x(b) = -10*b - 25. Let m be x(-3). Suppose -756 = -4*y + 5*d, m*y - 2*y + 3*d = 540. List the prime factors of y.
2, 23
Let q = -3676 + 5144. What are the prime factors of q?
2, 367
Let q = -53 - -44. Let k be 1*(-12)/(-9)*q/(-6). Suppose 0 = -k*t - 4*f + 396, -3*t + 740 = -3*f + 146. What are the prime factors of t?
2, 3, 11
Let p(n) = -128*n + 1. Let f be p(-2). Suppose 9*d - 14*d + 760 = 0. Let v = f - d. List the prime factors of v.
3, 5, 7
Suppose -108*x + 163965 = 5*c - 113*x, 0 = 4*x + 24. What are the prime factors of c?
3, 3643
What are the prime factors of (404 - -26)*486/12?
3, 5, 43
Let s(p) = -p**3 - 14*p**2 + 9*p - 20. Let o be -1*(156/10 - (-16)/40). List the prime factors of s(o).
2, 3, 29
Let m = 43804 + -11693. What are the prime factors of m?
163, 197
Suppose -396 = 24*v - 36. What are the prime factors of (4 + 312/v)*25/(-2)?
2, 3, 5, 7
Let a be 1*((-5)/5)/(-1). Let b be (1 - a) + (4 - 26). Let z = b - -32. What are the prime factors of z?
2, 5
Let p be (3/5)/(2*(-2)/(-40)). Let r = -6 + p. Suppose -3*m + 7*m - 9 = -s, 2*m + 8 = r. List the prime factors of s.
5
Let o = -5831 - -11222. List the prime factors of o.
3, 599
Let u = -244 + 287. Let z = 45 - 39. List the prime factors of u - 1/((-3)/z).
3, 5
Suppose 192967 = 3*g - t, -3*g = -5*t - 253776 + 60841. List the prime factors of g.
5, 31, 83
Let f(n) = 2*n + 15. Let w be f(-6). What are the prime factors of (482/(-6))/((-1)/w)?
241
Let x(d) = -321*d + 54. Suppose -15*a - 3 = 27. What are the prime factors of x(a)?
2, 3, 29
Let x be 0*((-2)/4 + 0/(-5)). Suppose -3*s + 435 = -5*s + 5*c, x = 3*s - c + 672. Let r = -113 - s. List the prime factors of r.
2, 7
List the prime factors of 6*(13194/36 - -4).
3, 13, 19
Let b be 2163/6*48/28. Suppose -b = -7*x + 593. List the prime factors of x.
173
Suppose 52 = 4*b + 4*h, -5*h = -3*b + 12 + 3. Suppose 35 - 5 = b*o. Suppose -5*q + 265 = o*d - 4*d, 0 = -4*q - 2*d + 212. List the prime factors of q.
53
Suppose 0*d - 4*d = 1652. What are the prime factors of (-12)/3*d/7?
2, 59
Suppose -19*m + 100 = m. Suppose m*z - 4*z - 5*q - 212 = 0, z + 5*q = 192. List the prime factors of z.
2, 101
List the prime factors of (1 - (-8)/(-14)) + 2821/(-637) - -36483.
36479
Let x(n) = n**2 - 23*n + 6. Let r be x(23). Suppose 41 - 149 = -g. Suppose f - 27 = -3*q, q + g = 4*f + r*q. What are the prime factors of f?
3
Suppose m - 9813 = -2*r, -4993 - 9714 = -3*r - 4*m. What are the prime factors of r?
4909
Let t(k) = 10685*k - 9150. What are the prime factors of t(3)?
3, 5, 509
Let l(o) = 0*o**3 + 18*o**2 - 7*o**3 + o**3 + 5*o**3 - 35*o + 28. List the prime factors of l(14).
2, 7, 23
Let c be (3 + -2)/((-1)/(-5)). Let o be -3 + 2 + c + -2. Suppose -i = o*f + i - 344, -20 = 5*i. List the prime factors of f.
2, 11
Let b = 223 - 193. List the prime factors of 36/14*700/b.
2, 3, 5
Let p(f) = f**3 - 11*f**2 + 9*f - 7. Let l be p(9). Let x = 172 + l. Suppose 2*z - 352 = 2*c, -2*z + x = 5*c - 247. List the prime factors of z.
173
Suppose 23*d = 5*f + 27*d - 28082, 5*d - 40 = 0. What are the prime factors of f?
2, 3, 5, 11, 17
Suppose -108 = 5*u - 78, 0 = -m - 5*u + 14132. List the prime factors of m.
2, 73, 97
Let g be 112721/35 + 15/(-25). Suppose -707 = 2*d + 3*t - 2322, -4*d + 4*t = -g. List the prime factors of d.
2, 13, 31
Let q(g) = -21 + 14*g + 3*g**2 + 4*g**2 - 17*g. What are the prime factors of q(5)?
139
Suppose 3*h - 13*l = -14*l + 21494, 7162 = h + 3*l. List the prime factors of h.
5, 1433
Suppose 0 = -2*p + 5*p + 5*y + 31, -3*p = 3*y + 21. What are the prime factors of (2 + 4)/p + (-390)/(-2)?
2, 3
Let o(w) = w**3 + 18*w**2 + w + 5. Let r(t) = -7*t - 6. Let q be r(0). What are the prime factors of o(q)?
431
Let c(l) = -l**2 + 119*l + 1969. What are the prime factors of c(78)?
5167
List the prime factors of (6/9)/(76/(-342)) - -6044.
7, 863
Let w(g) be the first derivative of 4*g**6/9 - g**5/24 - 5*g**4/24 - g**3 - 18. Let d(m) be the third derivative of w(m). What are the prime factors of d(-1)?
2, 5
Let b = 38806 - 10432. What are the prime factors of b?
2, 3, 4729
Let k be (-8 + -48)/(11 + -10). Suppose 5*r - r = 0. Let p = r - k. What are the prime factors of p?
2, 7
Let i = 2711 - 1496. Suppose -o + 4*o - i = 0. Let s = -136 + o. What are the prime factors of s?
269
Let a be 6/18 + 20/(-15)*88. Suppose 0 = -4*f - 0*f - 96. List the prime factors of 10/80 + a/f.
5
Let q = 134 - -178. Let p = q - -40. List the prime factors of p.
2, 11
Let b(y) = 14*y - 22. Let j(x) be the third derivative of -5*x**4/8 + 7*x**3/2 + 24*x**2. Let m(a) = -5*b(a) - 4*j(a). What are the prime factors of m(-9)?
2, 29
Let p(y) = -2823*y + 5030. List the prime factors of p(-5).
5, 7, 547
Suppose 2324*f = 2398*f - 529988. List the prime factors of f.
2, 3581
Let u = 8054 + 6676. List the prime factors of u.
2, 3, 5, 491
Let h = 26 + -24. Let i(p) be the first derivative of 17*p**3/3 + p**2 - 4*p - 2. What are the prime factors of i(h)?
2, 17
Suppose -w - 108 = -8*c + 13*c, 0 = -4*w + 3*c - 317. Let m = -46 - w. What are the prime factors of m?
37
Suppose 4*c - 4*k - 80 - 11076 = 0, 4*c - 3*k - 11154 = 0. Suppose -2*a - c = -3*h, 2*h - 858 = a + 999. List the prime factors of h.
3, 103
Suppose 5*s - 2 = 13, -l + 7*s + 516 = 0. What are the prime factors of l?
3, 179
Suppose d = -4*b + 5884, -5*d = -10*b + 7*b - 29420. List the prime factors of d.
2, 1471
Let i(d) = -32*d**3 + 21*d**2 + 106*d + 34. What are the prime factors of i(-5)?
3, 17, 79
Let b be 171/399 - (-3)/(-7). Suppose 120 = -b*x + 8*x. List the prime factors of x.
3, 5
Let s(w) = -9580*w + 35. List the prime factors of s(-1).
3, 5, 641
Suppose 2*n - 25541 = -x, -109*n - 2*x + 25538 = -107*n. List the prime factors of n.
2, 31, 103
Suppose 792*c = 790*c - 30. List the prime factors